 common divisor of 104 and 962.
26
What is the greatest common factor of 340 and 30?
10
What is the highest common divisor of 176 and 80?
16
Calculate the greatest common factor of 126 and 18.
18
Calculate the highest common factor of 690 and 552.
138
What is the highest common divisor of 2946 and 6?
6
Calculate the greatest common divisor of 3087 and 245.
49
Calculate the highest common divisor of 112 and 504.
56
Calculate the highest common factor of 64 and 152.
8
Calculate the greatest common factor of 8 and 904.
8
What is the highest common factor of 187 and 17?
17
What is the greatest common divisor of 2392 and 728?
104
Calculate the greatest common divisor of 38 and 5738.
38
What is the greatest common divisor of 338 and 52?
26
What is the greatest common divisor of 18284 and 7?
7
What is the highest common divisor of 130 and 2015?
65
Calculate the highest common factor of 1585 and 15.
5
Calculate the greatest common factor of 100 and 2925.
25
Calculate the greatest common factor of 336 and 720.
48
What is the highest common factor of 180 and 4365?
45
Calculate the greatest common divisor of 12 and 252.
12
What is the greatest common divisor of 3133 and 1928?
241
Calculate the highest common divisor of 588 and 105.
21
Calculate the greatest common divisor of 100 and 2350.
50
Calculate the highest common factor of 1060 and 2340.
20
What is the highest common divisor of 1749 and 6?
3
Calculate the highest common divisor of 248 and 328.
8
Calculate the greatest common factor of 255 and 32810.
85
What is the greatest common factor of 1157 and 1?
1
What is the greatest common factor of 6033 and 3?
3
Calculate the greatest common divisor of 21 and 1869.
21
What is the greatest common factor of 25 and 22375?
25
What is the greatest common divisor of 60 and 324?
12
Calculate the highest common divisor of 4 and 4.
4
Calculate the highest common divisor of 11 and 38093.
11
Calculate the highest common factor of 9 and 5409.
9
Calculate the greatest common divisor of 377 and 26.
13
Calculate the highest common factor of 465 and 217.
31
What is the greatest common factor of 143 and 65?
13
What is the highest common factor of 70 and 154?
14
What is the highest common divisor of 5 and 365?
5
Calculate the highest common factor of 29 and 145.
29
Calculate the greatest common factor of 60 and 17580.
60
What is the highest common divisor of 54 and 23292?
18
Calculate the highest common divisor of 4 and 9332.
4
What is the highest common divisor of 38 and 4237?
19
What is the highest common factor of 8100 and 24?
12
What is the greatest common divisor of 105 and 7?
7
What is the greatest common factor of 144 and 2496?
48
What is the greatest common divisor of 1368 and 1254?
114
Calculate the greatest common divisor of 10 and 438.
2
What is the greatest common factor of 117 and 13?
13
Calculate the highest common divisor of 822 and 222.
6
What is the highest common factor of 2 and 463?
1
What is the highest common divisor of 165 and 99?
33
Calculate the greatest common divisor of 817 and 1247.
43
What is the greatest common factor of 680 and 180?
20
Calculate the highest common divisor of 270 and 250.
10
Calculate the highest common divisor of 10 and 320.
10
Calculate the greatest common factor of 5886 and 436.
218
What is the greatest common factor of 25 and 8?
1
Calculate the greatest common divisor of 1440 and 1280.
160
Calculate the greatest common divisor of 17 and 8993.
17
What is the greatest common factor of 68 and 34?
34
Calculate the highest common divisor of 7 and 749.
7
Calculate the greatest common divisor of 48 and 396.
12
What is the greatest common divisor of 31928 and 104?
104
What is the greatest common divisor of 4033 and 111?
37
What is the highest common divisor of 198 and 286?
22
Calculate the highest common divisor of 1 and 2785.
1
What is the greatest common factor of 1224 and 884?
68
What is the greatest common divisor of 502 and 14?
2
What is the highest common factor of 12 and 300?
12
Calculate the greatest common divisor of 52 and 1378.
26
Calculate the greatest common divisor of 8 and 836.
4
Calculate the highest common divisor of 9 and 3987.
9
What is the greatest common factor of 117 and 39?
39
Calculate the greatest common factor of 675 and 3925.
25
Calculate the greatest common divisor of 4 and 148.
4
Calculate the greatest common divisor of 434 and 56.
14
Calculate the greatest common factor of 15590 and 10.
10
Calculate the greatest common divisor of 7 and 1372.
7
What is the greatest common factor of 81 and 53379?
81
Calculate the greatest common divisor of 4 and 1668.
4
Calculate the greatest common factor of 3962 and 70.
14
Calculate the greatest common divisor of 836 and 176.
44
What is the highest common divisor of 3798 and 288?
18
Calculate the greatest common divisor of 93 and 24.
3
What is the greatest common factor of 48 and 1552?
16
Calculate the greatest common factor of 146 and 2.
2
What is the greatest common factor of 74 and 111?
37
What is the highest common divisor of 38 and 741?
19
What is the greatest common factor of 183 and 549?
183
Calculate the highest common divisor of 110 and 605.
55
What is the highest common factor of 110 and 5170?
110
What is the highest common factor of 1441 and 1048?
131
Calculate the highest common factor of 200 and 350.
50
Calculate the highest common divisor of 35 and 9835.
35
Calculate the greatest common divisor of 24 and 32.
8
What is the greatest common divisor of 6310 and 20?
10
What is the greatest common factor of 140 and 80?
20
Calculate the highest common divisor of 1036 and 4292.
148
Calculate the highest common divisor of 94 and 1081.
47
Calculate the highest common factor of 935 and 220.
55
What is the greatest common divisor of 46 and 391?
23
What is the highest common divisor of 2992 and 34?
34
What is the greatest common divisor of 153 and 935?
17
What is the highest common factor of 8250 and 100?
50
Calculate the greatest common divisor of 183 and 3.
3
What is the greatest common factor of 47 and 752?
47
Calculate the greatest common factor of 285 and 38.
19
Calculate the highest common factor of 2104 and 48.
8
Calculate the greatest common divisor of 736 and 96.
32
Calculate the highest common divisor of 240 and 60.
60
Calculate the greatest common divisor of 84 and 49.
7
Calculate the greatest common factor of 128 and 12.
4
What is the greatest common factor of 4 and 79?
1
What is the highest common factor of 44 and 25399?
11
Calculate the greatest common divisor of 220 and 143.
11
Calculate the highest common factor of 174 and 638.
58
What is the highest common factor of 148 and 259?
37
What is the highest common divisor of 12 and 11868?
12
What is the highest common divisor of 1968 and 48?
48
What is the highest common factor of 107 and 3103?
107
What is the greatest common factor of 5324 and 44?
44
Calculate the greatest common divisor of 66 and 3674.
22
What is the greatest common factor of 25497 and 36?
9
What is the greatest common divisor of 26 and 10517?
13
Calculate the highest common divisor of 3206 and 14.
14
Calculate the greatest common divisor of 49 and 490.
49
Calculate the highest common divisor of 135 and 25.
5
What is the greatest common divisor of 12 and 312?
12
What is the greatest common factor of 21336 and 168?
168
What is the highest common divisor of 5 and 1765?
5
Calculate the greatest common divisor of 624 and 78.
78
Calculate the greatest common factor of 720 and 3195.
45
Calculate the highest common divisor of 14 and 112.
14
Calculate the highest common factor of 92 and 928.
4
Calculate the greatest common divisor of 99 and 187.
11
Calculate the highest common factor of 1458 and 270.
54
Calculate the greatest common divisor of 1460 and 180.
20
Calculate the greatest common divisor of 93 and 31.
31
Calculate the highest common divisor of 6 and 48.
6
What is the greatest common divisor of 6958 and 49?
49
Calculate the highest common factor of 88 and 11.
11
What is the greatest common divisor of 336 and 88?
8
What is the highest common factor of 161 and 437?
23
Calculate the highest common divisor of 176 and 836.
44
Calculate the highest common divisor of 140 and 160.
20
What is the highest common divisor of 133 and 1197?
133
W